of 2113378 and 1104.
46
What is the highest common factor of 1804 and 16356704?
164
Calculate the greatest common divisor of 2996203 and 102779.
1301
What is the highest common divisor of 5940 and 281200680?
540
Calculate the greatest common divisor of 132 and 20002367.
11
What is the highest common factor of 46874 and 2432353?
1019
Calculate the greatest common factor of 198 and 1480844376.
198
What is the highest common factor of 222 and 3363485?
37
Calculate the greatest common factor of 41340913 and 11684.
2921
What is the highest common divisor of 104 and 659656?
8
What is the greatest common divisor of 2 and 906617?
1
Calculate the greatest common factor of 106083 and 18279.
27
What is the greatest common divisor of 606884 and 56744?
692
What is the highest common factor of 8448 and 3644366?
22
What is the highest common divisor of 2267163 and 54?
27
Calculate the highest common divisor of 3102 and 240439122.
3102
Calculate the highest common factor of 57 and 1089042.
57
Calculate the highest common factor of 2251157 and 136.
17
What is the greatest common factor of 4752422 and 178?
178
Calculate the greatest common factor of 13135594 and 45775.
1831
What is the highest common divisor of 1123971 and 3657?
159
What is the greatest common divisor of 31850826 and 238?
238
What is the greatest common factor of 9 and 78103452?
3
Calculate the greatest common factor of 86467205 and 363.
121
Calculate the highest common factor of 3591 and 119245.
7
What is the highest common factor of 516967 and 154?
11
Calculate the greatest common factor of 113012280 and 26900.
5380
What is the greatest common divisor of 1029 and 2891196?
147
Calculate the greatest common factor of 17865456 and 13776.
336
Calculate the greatest common divisor of 6629 and 215663.
7
Calculate the highest common factor of 12 and 308808750.
6
Calculate the highest common factor of 4851007 and 2401.
7
What is the highest common factor of 1236 and 144303?
309
What is the greatest common divisor of 12 and 14846628?
12
Calculate the greatest common divisor of 1476 and 1733148.
36
What is the highest common factor of 406 and 23063642?
406
Calculate the greatest common factor of 16 and 3667816.
8
Calculate the greatest common divisor of 259476 and 8652.
84
Calculate the highest common divisor of 16343 and 253455.
277
Calculate the greatest common factor of 814 and 31924673.
407
Calculate the highest common factor of 26 and 5049083.
13
Calculate the greatest common divisor of 208116 and 84.
12
Calculate the highest common divisor of 175 and 2519275.
25
Calculate the highest common divisor of 503927930 and 3795.
1265
Calculate the greatest common factor of 32795 and 19845.
35
Calculate the greatest common divisor of 25637 and 898122.
827
What is the highest common divisor of 618 and 4147089?
309
Calculate the greatest common divisor of 437 and 1169637055.
437
What is the highest common factor of 5 and 1583740?
5
What is the highest common factor of 375705 and 480240?
1035
Calculate the highest common divisor of 2268 and 62369244.
756
What is the greatest common factor of 266420 and 83688?
44
Calculate the highest common factor of 88 and 1159376.
8
What is the greatest common factor of 556 and 3440793212?
556
Calculate the highest common divisor of 1284 and 155491972.
428
What is the highest common divisor of 1255773 and 1513?
17
Calculate the greatest common divisor of 505577 and 2.
1
Calculate the greatest common divisor of 446236175 and 13275.
1475
What is the highest common factor of 459360 and 640?
160
Calculate the highest common divisor of 4003884560 and 26.
26
What is the highest common divisor of 32117657 and 27170?
2717
What is the highest common divisor of 2 and 145388830?
2
What is the highest common factor of 24617570 and 10?
10
What is the highest common factor of 4124 and 20072539?
1031
What is the highest common divisor of 2713 and 44074?
1
Calculate the highest common divisor of 45 and 5538970.
5
What is the greatest common factor of 1350 and 485505?
45
Calculate the highest common divisor of 174 and 7554471.
87
What is the highest common factor of 637301900 and 9825?
3275
Calculate the greatest common factor of 1233232 and 5324.
484
What is the greatest common factor of 17283383 and 52?
13
Calculate the greatest common factor of 28480 and 238371904.
5696
What is the highest common divisor of 8583716 and 2676?
892
What is the highest common factor of 98915016 and 48?
24
What is the highest common divisor of 5320 and 230104?
56
What is the highest common factor of 133685424 and 432?
432
What is the highest common factor of 1618787256 and 7503?
7503
Calculate the greatest common factor of 916 and 3563469.
229
What is the greatest common divisor of 1009704 and 64?
8
What is the greatest common factor of 961746 and 411432?
474
What is the highest common factor of 10225 and 2175062?
409
What is the greatest common divisor of 30430350 and 125?
25
Calculate the greatest common divisor of 32501223 and 22410.
2241
Calculate the highest common factor of 351 and 158637219.
39
Calculate the greatest common factor of 128 and 82742048.
32
What is the greatest common divisor of 165318 and 1482906?
354
Calculate the greatest common factor of 981 and 1504091.
109
Calculate the highest common factor of 92 and 10298756.
92
Calculate the highest common factor of 13226 and 60490278.
778
What is the highest common divisor of 2697 and 204473055?
2697
Calculate the greatest common factor of 95020460 and 10960.
2740
What is the highest common divisor of 4477 and 403722429?
4477
What is the highest common divisor of 3847657 and 88?
11
What is the greatest common factor of 141 and 477849?
141
What is the highest common factor of 4710 and 205848195?
2355
What is the highest common divisor of 3494 and 1822110518?
3494
Calculate the greatest common factor of 934920 and 213444.
1764
What is the highest common divisor of 7838558 and 28392?
2366
What is the greatest common divisor of 6048 and 279342?
378
Calculate the greatest common factor of 2326598 and 3432584.
3098
Calculate the highest common divisor of 68 and 48495594.
34
What is the greatest common factor of 1310 and 265625?
5
Calculate the greatest common divisor of 47063636 and 232.
116
What is the highest common divisor of 24775346 and 10?
2
Calculate the highest common factor of 138012460 and 12019.
1717
What is the highest common factor of 7313211 and 369?
369
What is the highest common divisor of 782 and 570055?
23
Calculate the greatest common factor of 2756964 and 4922.
46
Calculate the greatest common divisor of 3046547 and 721.
7
What is the greatest common divisor of 473 and 2550889?
473
What is the highest common factor of 38501329 and 5444?
1361
What is the highest common divisor of 207466 and 15809756?
4234
What is the highest common divisor of 83857571 and 21?
7
Calculate the highest common factor of 12068 and 3048032.
1724
What is the highest common factor of 154 and 46637822?
154
What is the highest common divisor of 4512 and 183290130?
282
What is the highest common factor of 9420 and 24427944?
1884
What is the greatest common divisor of 38734866 and 4716?
2358
What is the greatest common factor of 14 and 2864855?
7
Calculate the greatest common factor of 288764380 and 15810.
5270
What is the greatest common divisor of 81549 and 29614?
221
Calculate the greatest common divisor of 96598839 and 2228.
557
What is the greatest common divisor of 744 and 3907736?
248
Calculate the highest common divisor of 705 and 1590810.
15
Calculate the highest common divisor of 273268 and 60.
4
Calculate the highest common divisor of 142 and 139079.
1
What is the greatest common factor of 2090 and 1246286?
38
Calculate the greatest common divisor of 20291 and 262010.
197
Calculate the highest common factor of 8980557 and 1413.
471
Calculate the greatest common factor of 27540 and 10073112.
204
What is the highest common factor of 1921829 and 126?
7
What is the highest common factor of 1606 and 2219127?
73
What is the highest common divisor of 189168305 and 58?
29
Calculate the highest common divisor of 353446 and 34.
2
Calculate the highest common factor of 85 and 6229990.
85
Calculate the highest common factor of 61 and 1413536347.
61
What is